e
Let o be 813/(-2)*52/(-13). Suppose -1307 = -4*s - 3*d, -4*d - o = 3*s - 8*s. Is s prime?
False
Let v = 2093 + 590. Is v a composite number?
False
Let f = -8 + 15. Let l(y) be the second derivative of 19*y**3/6 + 4*y**2 - 52*y. Is l(f) a composite number?
True
Suppose 0*m + 3*m - 4*q = 3603, 2*m = -5*q + 2402. Suppose -5*w + 1284 + m = 0. Is w a prime number?
False
Let g(f) = 257*f**3 + f**2 - 2*f + 1. Let l be g(1). Suppose -3*o - 5*p + l = -p, -p + 242 = 3*o. Is o a prime number?
True
Let m(w) = 7*w - 1. Suppose -z + 16 = 5*f - 3*z, 2*f = z + 7. Suppose -3*v + 40 = f*v. Is m(v) composite?
True
Let l(j) = -10*j**3 - j**2 - 6*j + 1. Let v be -1*(-6)/(-3) - 0/(-2). Is l(v) prime?
True
Suppose 3*v - 85 = -55. Is v composite?
True
Suppose -3*l - 3 = -9. Let p be l/(-9) + (-1019)/(-9). Suppose p + 14 = q. Is q a prime number?
True
Let m(x) be the second derivative of 37*x**3/6 + x. Suppose -15*h + 15 = -0*h. Is m(h) a prime number?
True
Let m be 3*(2 - -3)/(-15). Let i be 5 + 4/(-1)*m. Is (-1347)/(-12) + i/12 prime?
True
Let o(k) = 2*k**2 - 14*k - 14. Is o(11) a composite number?
True
Is 110/88 + 939966/8 prime?
True
Suppose -2*i - 2*w = -5*i + 2659, -3*w + 4419 = 5*i. Suppose 9*z - 4570 = 7166. Let u = z - i. Is u a prime number?
True
Suppose 6*a - 2*a = -3*y, -3*y = -3*a + 21. Suppose -583 = -q + 4*j, -5*q + 5*j = a*j - 2933. Is q composite?
False
Suppose -5*y - z + 1105 = -3*y, -2195 = -4*y - 5*z. Is y/3*(-1 + 2) a composite number?
True
Suppose 3*r = 4*c - 12626, 14*r - 9480 = -3*c + 11*r. Is c prime?
False
Let a = -6 - -2465. Is a composite?
False
Suppose -111*v = -99*v - 747924. Is v composite?
False
Suppose 0 = -4*d - 4, -3*l - 3*d - 1159 = -2*d. Let x = 795 + l. Is x prime?
True
Is (-4 + 2)/(4/(-12898)) composite?
False
Let z(n) = -42*n. Suppose 0 = -3*m - 2*m + 25, -3*m = 2*a - 11. Let v(l) = 42*l + 1. Let k(w) = a*z(w) - 3*v(w). Is k(-3) a prime number?
False
Let o = -668 - -1446. Suppose -2*i + 0*i + 5*f + o = 0, -2*i - 5*f = -738. Is i a prime number?
True
Suppose 1210 = 4*x - 514. Let w be (-3)/(4/4) + x. Suppose -3*c + 482 = -v + 157, -4*v = -4*c + w. Is c prime?
True
Is 166187*-8*5/(-280) composite?
False
Let t be 3/(2/(-2)) - 20. Let x be 22*(7 - -1 - 1). Let v = x - t. Is v a prime number?
False
Suppose -2*f + 10 = 0, 6*f - 4*f + 2311 = q. Is q a composite number?
True
Let d(g) = -g**2 + 9*g - 7. Let a be d(8). Let n(q) = 212*q - 1. Is n(a) composite?
False
Let x(a) = 6*a**2 - 23*a - 1. Let p be x(4). Is 5*(p + 588/15) composite?
False
Suppose -5*h + h = 0, 3*n - 48915 = 3*h. Suppose n = 6*y + 9*y. Is y composite?
False
Let s(o) = -2*o - 4. Let b be s(-4). Suppose -c + 23 = q - 223, -2*q + 982 = b*c. Suppose -4*y + 1769 = c. Is y a composite number?
True
Let x = -21 + 14. Let s = 12 + x. Suppose 265 = s*c - 0*c. Is c prime?
True
Let x be (-153)/36 + (-2)/(-8). Let d be x/(-8) + (-930)/4. Let l = 393 + d. Is l prime?
False
Let j(v) = -18*v**3 - 5*v**2 - 26*v - 52. Is j(-5) prime?
True
Suppose 2*o + 2*o = 2*o. Suppose o = 2*b - i - 403, -1024 = -3*b - 2*b - 3*i. Is b a prime number?
False
Suppose -2*h + 237 = 3*r - 6508, -3*r - 9 = 0. Is h a composite number?
True
Is (254/6)/(19/1083) a composite number?
True
Let h = 178 - 140. Suppose 0 = -m - m + 306. Suppose h = o - m. Is o a prime number?
True
Let g = 2560 - 1191. Is g composite?
True
Let r be (4 + (-12)/8)*2. Suppose 0 = -r*i + x - 75 + 473, -5*i + 383 = 4*x. Is i a prime number?
True
Let c be ((-28)/(-8))/(1/(-2)). Is (-296)/(-40) + c + (-13606)/(-10) a prime number?
True
Let o(j) = 33*j - 12. Let p(n) = -16*n + 6. Let d(a) = -3*o(a) - 5*p(a). Let i be d(-5). Suppose 2*t - i - 17 = 0. Is t a prime number?
True
Suppose 5*d = -3*b + 4604, 16*b - 3111 = 14*b + 5*d. Is b a prime number?
True
Suppose 63611 = 2*f - 5*i, -6*i - 95359 = -3*f - 10*i. Is f a composite number?
False
Let z(c) = -2*c**2 - 35*c - 14. Let p be z(-17). Suppose 2644 = p*t + 223. Is t a composite number?
True
Let s = -4 + 4. Suppose -2*d - t + s = -1, 3*d - t = 9. Suppose 186 = -d*o + 632. Is o a prime number?
True
Suppose u = -5*q + 1 - 0, 3*u - 83 = q. Let j = u + -33. Let t(z) = z**3 + 8*z**2 + 4*z + 4. Is t(j) a composite number?
True
Let u(i) be the third derivative of -i**5/60 - i**4/24 - 44*i**3/3 + 9*i**2. Let k be u(0). Let f = k - -173. Is f a prime number?
False
Let h(o) = -7763*o + 152. Is h(-7) a composite number?
False
Let a(u) be the first derivative of -29*u**2 + 33*u + 11. Is a(-13) a composite number?
False
Let o(t) = t**3 + 2*t**2 - t + 2105. Let r be o(0). Let q = r + -1366. Is q composite?
False
Let d(z) = z**3 + 6*z**2 + 3*z + 8. Let t be d(-5). Suppose 23*m - 1685 = t*m. Is m prime?
True
Suppose -l + 2121 = 3*g, 14*g - 3*l = 13*g + 697. Is g a composite number?
True
Suppose -5*n + 15 = -3*z, -2*n + 4*z + 1 + 5 = 0. Suppose n*y = -8*y + 7843. Is y prime?
False
Let b(w) = w - 3. Let f be b(8). Suppose 3 = v - 4*v, f*l - 4*v + 26 = 0. Is (2/l)/(3/(-801)) a composite number?
False
Suppose j = 5*j - 20. Suppose 0 = -j*r + 261 + 154. Is r a composite number?
False
Let j(p) = 34*p**2 + 22*p - 13. Is j(-7) a composite number?
False
Suppose 4 = -l, 6*t - 2*t + 8 = -5*l. Suppose 0*a + t*a - 366 = 0. Suppose 3*n + 2*z - 366 = -2*z, n = 4*z + a. Is n a composite number?
True
Let b = 16 - 4. Suppose -869 = -b*f + 11*f. Is f prime?
False
Let w(t) = -t**3 + 14*t**2 - 14*t + 8. Let o be w(13). Is (-6576)/o - (2/(-10))/(-1) a prime number?
False
Let t = 305 - -194. Let i = t - 194. Is i composite?
True
Let k be 2/(-10) - 47433/(-15). Is k/4*50/75 composite?
True
Let b(w) = -19*w + 2. Let n be b(9). Let i = 566 + n. Is i a prime number?
True
Let g = 3 - -110. Is g a composite number?
False
Let b(w) = 2*w**2 - 13*w + 6. Let u be b(6). Let n(i) = 2*i + 401. Is n(u) a prime number?
True
Suppose -16*u = -14*u - 608. Suppose -142 - u = -2*a. Is a a prime number?
True
Suppose 11*t = -28 - 16. Let b(o) = -26*o**3 + 6*o**2 - o - 5. Is b(t) composite?
False
Suppose 7*t + 540 = 12*t. Let m = t - 25. Suppose 9*w = -m + 1010. Is w a composite number?
False
Let z(u) = -u**3 + u**2 + 8*u - 6. Let o be z(6). Is (38111/o)/(1/(-6)) a prime number?
True
Suppose -17*s + 40756 = -13*s. Is s prime?
False
Suppose -3*j + 5*s + 2 = -2, 10 = -5*j + 5*s. Let a(u) = -2*u**2 + 9*u + 5. Let w be a(j). Let g = -85 - w. Is g a composite number?
False
Let c(f) = f**2 - f. Let z be 4*((-7)/(-4) + -3). Let y(v) = 16*v**3 + 2*v**2 - 3*v + 2. Let p(x) = z*c(x) + y(x). Is p(3) a composite number?
True
Let k = 44795 + -28788. Is k a prime number?
True
Suppose 6*g + 12 = 36. Suppose -2*c + 27042 = g*c. Is c a prime number?
True
Let r(z) = -z**2 + 7*z + 10. Let i be r(8). Is ((-66976)/(-5) - -2) + i/(-10) a prime number?
True
Let i(o) be the first derivative of o**3/3 + 5*o**2/2 + 6*o + 5. Let w be i(-5). Suppose -w*a + a = -590. Is a composite?
True
Suppose 5*r - 4*v - 385 = 0, -4*r - 2*v + 282 = -0*r. Suppose -5*y + y + 180 = 0. Suppose 0 = 5*i - k - r, -2*k - y = -3*i - k. Is i a composite number?
True
Let o = -26 + 8. Let k = o - -49. Is k prime?
True
Let j = 100657 - 36954. Is j prime?
True
Suppose -5*f + 11 = -3*f - 3*r, -4*r = 2*f - 4. Suppose -2*z = -3*k + 5915, f*k - z = 3*z + 7884. Is k prime?
True
Let x = 39229 - 7046. Is x a composite number?
False
Is (-74209910)/(-762)*(-6)/(-10) a prime number?
False
Let w(u) = u**2 + 12*u + 8. Let y be -1 - (3 + (-1)/(2/(-22))). Is w(y) prime?
True
Let r = 779 - -2269. Suppose 2*b = -2*b - r. Is (b/12)/(3/(-6)) a prime number?
True
Let x be 4 + 0 + 3 + -2. Suppose -x + 1 = -2*w. Suppose -w*l - 84 = -682. Is l composite?
True
Suppose 0 = -4*z + 4117 + 991. Is z composite?
False
Suppose -5*k = -2*c - 840, -6*c + 3*c - 1270 = -5*k. Let x = 618 + c. Let b = -94 + x. Is b a composite number?
True
Is (-12 - -10 - 3) + 3836 a composite number?
True
Suppose 40*r = 4*r + 1017540. Is r prime?
False
Suppose -5 = 5*m - 10. Is 1/3 + (45249/9 - m) prime?
False
Let j(p) = 9580*p**2 + 66*p - 11. Is j(-3) prime?
True
Let y be ((-1)/(-4))/(24/288). Is 3983/21 - (-4)/y prime?
True
Suppose -3*j - 12 = 0, 79*a - 83*a + 13100 = 2*j. Is a prime?
False
Let n = -6 + 10. Let b(r) = -r**3 + 8*r**2 - 6*r - 3. Let p be b(7). Suppose u - n*y + 7*y = 57, -p*y = -4*u + 292. Is u prime?
False
Let z = 7833 + 2174. Is z prim